t is n(5)?
-56
Let v(s) = -39*s**3 - 3*s**2 + 7*s - 3. Determine v(1).
-38
Let w(k) = -k**3 - 66*k**2 - 413*k - 8. Give w(-59).
-8
Let u(n) = -2*n**3 + n**2 - n + 5. What is u(3)?
-43
Let j(a) = -a**3 - 18*a**2 + 8*a - 42. Determine j(-18).
-186
Let y(b) = -b**3 + 71*b**2 - 166*b + 1900. Determine y(69).
-32
Let v(k) = 31*k**2 + 124*k + 5. Calculate v(-3).
-88
Let j(x) = -x**2 + 7*x - 44. What is j(23)?
-412
Let q(v) = -9*v**3 + 3*v**2 + 20*v - 22. What is q(1)?
-8
Let y(z) = -3*z**3 - z**2 - 9. Give y(3).
-99
Let s(r) = 3*r**3 + r**2 - 49*r + 103. Determine s(2).
33
Let u(a) = 555*a - 4424. Calculate u(8).
16
Let i(c) = c**3 - 36*c**2 - 6*c + 192. Calculate i(36).
-24
Let j(y) = -y**2 + 151*y - 5593. Give j(66).
17
Let c(d) = 11*d**2 + 135*d + 399. What is c(-5)?
-1
Let m(s) = -4*s**2 + 95*s + 1162. What is m(-9)?
-17
Let y(f) = f**3 - 52*f**2 - 412*f + 9. Determine y(-7).
2
Let r(s) = 5*s**2 - 58*s - 166. Give r(14).
2
Let l(s) = -s**2 - 39*s - 380. Determine l(-7).
-156
Let c(t) = -t**3 - 1148*t**2 - 9116*t + 31. Determine c(-8).
-1
Let t(z) = -514*z + 12277. What is t(24)?
-59
Let a(q) = 145*q - 6676. Determine a(46).
-6
Let b(f) = -116*f + 2096. Calculate b(18).
8
Let x(c) = 3*c**3 + 877*c**2 - 584*c + 578. What is x(-293)?
-8
Let q(u) = 8*u**2 + 229*u + 934. What is q(-4)?
146
Let c(a) = -5*a + 48. Calculate c(-4).
68
Let c(a) = -5*a**3 - 19*a**2 + 9*a + 10. Give c(-5).
115
Let p(c) = -2*c**2 + 5182*c + 20752. Determine p(-4).
-8
Let a(g) = 184*g**2 + 15*g + 15. What is a(-1)?
184
Let a(j) = -188*j + 23879. What is a(127)?
3
Let u(a) = -811*a - 6431. What is u(-8)?
57
Let n(o) = o**2 + 14*o + 22. Determine n(-2).
-2
Let f(l) = 10*l**2 - 3205*l + 1626. What is f(320)?
26
Let l(v) = -v**3 - 21*v**2 + 8*v + 19. Determine l(-22).
327
Let d(u) = -3*u**2 - 55*u - 213. Calculate d(-13).
-5
Let w(r) = 19*r**2 - 738*r - 119. Determine w(39).
-2
Let z(g) = -g**3 + 15*g**2 - 4*g - 10. Give z(5).
220
Let n(o) = -o**3 - 197*o**2 + 596*o + 7. What is n(3)?
-5
Let c(r) = r**2 + 29*r - 51. What is c(-30)?
-21
Let n(i) = 561*i - 5008. Calculate n(9).
41
Let c(p) = p**2 + 14*p - 149. Determine c(6).
-29
Let o(n) = -n**3 + 20*n**2 + 32*n + 7. Determine o(23).
-844
Let r(i) = -2*i**3 - 66*i**2 - 535*i + 1. Calculate r(-14).
43
Let r(y) = y**3 + 46*y**2 - 49*y - 81. Determine r(-47).
13
Let z(v) = -211*v + 4416. Give z(21).
-15
Let l(b) = 2*b**2 - 250*b + 735. Determine l(122).
3
Let g(h) = 4*h**2 + 101*h + 21. Give g(-25).
-4
Let b(z) = 45*z**3 + 3*z + 2. Give b(3).
1226
Let x(w) = -w**3 - 10*w**2 + 7*w - 38. What is x(-11)?
6
Let d(v) = -43*v**2 - 12*v - 2. Calculate d(-2).
-150
Let g(w) = w**3 - 60*w**2 + 459*w + 82. What is g(51)?
82
Let b(x) = 2*x**2 + 267*x + 879. Calculate b(-130).
-31
Let c(n) = n**3 - 80*n**2 - 705*n - 5. Determine c(-8).
3
Let r(o) = -2064*o - 30955. Determine r(-15).
5
Let l(v) = 141*v**2 + 44*v + 34. Determine l(-1).
131
Let u(k) = 6*k + 16. Determine u(23).
154
Let a(p) = -1826*p + 9133. Give a(5).
3
Let i(m) = m**3 - 7*m**2 - 15*m + 20. Give i(11).
339
Let i(q) = 9*q**2 - 20*q - 64. Determine i(-4).
160
Let j(q) = q**2 - 46*q + 312. What is j(8)?
8
Let y(o) = 4*o**2 - 19*o - 175. Calculate y(-9).
320
Let i(v) = 3*v**3 + 5*v**2 - 5*v - 12. What is i(-2)?
-6
Let j(s) = s**2 - 25*s + 335. Give j(16).
191
Let n(r) = 23*r + 517. Calculate n(-15).
172
Let u(k) = 4*k**2 - 11. Calculate u(5).
89
Let d(b) = -b**3 - 9*b**2 + 29*b + 240. Determine d(-5).
-5
Let k(t) = -2891*t - 14460. Calculate k(-5).
-5
Let u(d) = -5*d**2 - 207*d - 17. Calculate u(-40).
263
Let r(w) = -w**3 - 15*w**2 + 29*w - 80. Determine r(-17).
5
Let h(a) = -a**3 - 9*a**2 + 63*a + 27. Give h(-14).
125
Let q(k) = 12*k + 622. Calculate q(-25).
322
Let i(u) = 4*u - 325. What is i(13)?
-273
Let b(s) = 164*s - 3752. Calculate b(23).
20
Let v(z) = z**3 + 7*z**2 - 96*z - 287. Give v(-3).
37
Let w(o) = 28*o + 280. Give w(-10).
0
Let a(m) = 2*m**3 - 106*m**2 + 104*m - 2. What is a(52)?
-2
Let w(v) = 316*v - 24. Calculate w(1).
292
Let i(g) = -g**3 + 13*g**2 + 87*g + 54. Determine i(18).
0
Let u(m) = -23*m - 592. What is u(-36)?
236
Let k(a) = -13*a**2 + 17*a + 18. Calculate k(-4).
-258
Let f(w) = 4*w**2 - 132*w + 8. What is f(33)?
8
Let n(y) = 304*y**2 - y + 31. Give n(0).
31
Let k(f) = -34*f + 107. Give k(1).
73
Let u(x) = -x**3 + 31*x**2 - 27*x - 228. Give u(30).
-138
Let x(k) = -20*k + 83. Give x(19).
-297
Let h(s) = 2*s**3 - 4*s**2 - 12*s + 23. Calculate h(3).
5
Let s(o) = -7*o**3 + 2*o**2 - 7*o + 5. Determine s(3).
-187
Let q(i) = -i**3 + 15*i**2 - 49*i - 5. What is q(10)?
5
Let z(r) = r**3 - 8*r**2 + 106*r - 456. Calculate z(5).
-1
Let f(o) = 151*o - 5292. Calculate f(35).
-7
Let l(f) = -49*f + 259. Calculate l(7).
-84
Let u(o) = -13*o**3 + 22*o - 23. Calculate u(1).
-14
Let m(v) = v**3 + 23*v**2 - 88*v - 60. Give m(-26).
200
Let u(g) = g**3 - 9*g**2 + 16*g - 14. What is u(7)?
0
Let j(g) = g**3 + 10*g**2 + 3*g - 5. Determine j(-9).
49
Let o(u) = 9*u**2 + 487*u + 158. What is o(-54)?
104
Let l(r) = r**3 + 15*r**2 + 33*r - 17. Give l(-11).
104
Let p(u) = -7*u - 253. Determine p(-35).
-8
Let c(j) = -18*j - 146. Determine c(-12).
70
Let u(j) = -18*j + 108. What is u(12)?
-108
Let w(k) = -8*k**3 - 9*k**2 - 5*k + 2. Determine w(-3).
152
Let x(t) = -117*t - 14633. Calculate x(-127).
226
Let g(x) = -3*x**2 + 19*x - 16. What is g(1)?
0
Let q(u) = -227*u + 3630. Give q(16).
-2
Let b(d) = d**3 - 10*d**2 + 21*d - 8. Determine b(8).
32
Let q(o) = 13*o**2 + 378*o + 349. What is q(-28)?
-43
Let r(z) = 141*z - 7757. Determine r(55).
-2
Let r(v) = -2*v**3 - 19*v**2 - 105*v - 874. Determine r(-9).
-10
Let r(s) = -s**2 + 3*s - 24. Calculate r(11).
-112
Let v(n) = -5274*n - 26368. Determine v(-5).
2
Let h(t) = 26*t - 513. What is h(23)?
85
Let g(s) = -s**3 + 3*s**2 + s + 3. Give g(4).
-9
Let k(c) = -2*c + 53. What is k(26)?
1
Let j(v) = -29*v - 185. What is j(-4)?
-69
Let w(a) = -a**3 - 35*a**2 + 9*a + 1467. Give w(-34).
5
Let q(b) = -2*b**2 - 620*b - 1878. Calculate q(-3).
-36
Let x(g) = -20*g - 457. Give x(-24).
23
Let c(a) = -3*a**2 + 28*a - 57. What is c(4)?
7
Let d(n) = -75*n + 1599. Give d(21).
24
Let j(g) = -g**3 - 31*g**2 - 14*g - 438. Calculate j(-31).
-4
Let r(d) = d**2 - 90*d + 891. What is r(79)?
22
Let h(u) = 33*u**2 - 8*u + 12. Calculate h(2).
128
Let i(g) = 5*g**2 - 175*g - 162. What is i(40)?
838
Let w(n) = -101*n - 1072. Calculate w(-10).
-62
Let w(k) = -3*k**3 - 2*k**2 - 27*k + 207. What is w(4)?
-125
Let n(h) = -2*h**3 - 122*h**2 + 129*h + 308. Give n(-62).
-2
Let k(y) = -17*y - 111. Give k(26).
-553
Let y(f) = f**3 + 6*f**2 + 68*f + 433. What is y(-6)?
25
Let v(c) = -176*c - 1017. Give v(-6).
39
Let o(n) = -n**3 - 19*n**2 + 508*n + 13. Calculate o(15).
-17
Let i(a) = -4999*a - 54993. Determine i(-11).
-4
Let f(c) = c**2 - 1639*c + 3290. What is f(2)?
16
Let q(c) = 2*c**3 - 17*c**2 + 8*c - 12. What is q(8)?
-12
Let y(g) = 2*g**2 + 8*g - 720. Give y(14).
-216
Let q(h) = 26*h - 1375. What is q(53)?
3
Let m(w) = -3*w - 147. Give m(34).
-249
Let t(r) = -144*r - 858. What is t(-6)?
6
Let l(p) = 141*p + 17057. What is l(-121)?
-4
Let u(n) = 3*n**3 + 47*n**2 - 18*n - 66. Determine u(-16).
-34
Let l(x) = -8*x**2 - 84*x - 209. What is l(-3)?
-29
Let b(a) = 11*a**2 - 102*a + 30. What is b(9)?
3
Let u(j) = 44*j + 550. What is u(-14)?
-66
Let x(j) = 8*j - 34. Give x(4).
-2
Let v(g) = 2*g**3 + 14*g**2 - 62*g - 83. Determine v(-9).
151
Let c(h) = 272*h + 9557. Give c(-35).
37
Let z(o) = -43*o**3 + 4*o**2 - o - 2. Give z(1).
-42
Let k(f) = 1160*f + 80048. Calculate k(-69).
8
Let r(m) = -m**3 - 28*m**2 - 99*m - 30. Calculate r(-24).
42
Let n(c) = -4*c**2 - 49*c + 138. Give n(-16).
-102
Let j(n) = -n**3 - 32*n**2 - 35*n - 49. What is j(-31)?
75
Let o(t) = 2*t**3 - 3*t**2 - t + 13. What is o(5)?
183
Let h(c) = -3*c**2 + 13*c + 48. Give h(7).
-8
Let i(p) = 1195*p + 13135. What is i(-11)?
-10
Let m(x) = x**2 + 48*x + 589. Calculate m(-27).
22
Let p(g) = -2*g - 112. Calculate p(7).
-126
Let b(v) = -538*v - 1096. Give b(-2).
-20
Let b(d) = d**3 - 2*d**2 + 8*d - 66. What is b(4)?
-2
Let u(j) = 15*j**3 + j**2 - 9*j + 3. What is u(3)?
390
Let x(s) = -s**3 - 16*s**2 + 366*s + 64. What is x(13)?
-79
Let y(r) = -r**3 - 12*r**2 + 15*r + 47. Determine y(-13).
21
Let h(k) = -k**2 - 14*k - 48. Calc